 83 - 87 + 2*v**3 - 90 + 17*v**2 + 337. Calculate q(-8).
-17
Let l(w) = -w**3 + w**2 - w - 8. Let q = 106 + -179. Let r = q - -73. What is l(r)?
-8
Let b(d) = d + 1. Let l(t) be the first derivative of 5*t**2/2 + 24*t - 21. Let r(m) = -4*b(m) + l(m). Calculate r(-16).
4
Suppose 0*h + 27*h = -486. Let p be 5 + -2 - h/6. Let z(s) = s**2 - 7*s + 3. Give z(p).
-3
Let y(b) = 6 + 10 - 24 + b**3 + 9 - 2*b**2. Let t(s) = 26 - 9 - 2*s - 12 - 22. Let r be t(-9). What is y(r)?
0
Let i(p) be the second derivative of 1/6*p**3 + 5 + 2/5*p**5 - 1/2*p**2 - 1/12*p**4 - 4*p. What is i(1)?
7
Let y(i) = 4*i**2 - 11*i + 124. Let l(u) = u**2 - 3*u + 30. Let h(a) = -17*l(a) + 4*y(a). What is h(5)?
-4
Let q be ((-33)/(-5))/((-42)/(-140)). Suppose 4*d - q*g + 28 = -27*g, -5*g = 5*d + 35. Let w(h) = h**2 + 8*h - 5. What is w(d)?
-12
Let p(a) = 4*a. Let n(i) = 7*i - 61 + 115 + 0*i - 57. Let b(j) = 3*n(j) - 5*p(j). Determine b(15).
6
Let z(a) be the second derivative of 3*a**4/4 - 4*a**3/3 + 5*a**2/2 - 6287*a. Calculate z(2).
25
Let l be 26/8 + ((-124)/(-16) - 7). Suppose -l*k + 14 = -5*a, 3*k = 2*a + 2*k + 8. Let p(g) = -g**3 - 7*g**2 - 5*g - 1. What is p(a)?
-7
Let m = 19338 - 19334. Let a(y) = 50*y - 204. Determine a(m).
-4
Let c(f) be the third derivative of -f**6/120 - 11*f**5/60 + f**4/8 + 37*f**3/6 - 4*f**2 - 5*f. Let r be c(-11). Let v(h) = h**2 - 4*h + 3. Give v(r).
3
Let q(j) = 4 - 427*j + 0 + 420*j - j**2. Let o be (25/25)/(3/(-21)). Give q(o).
4
Let l(s) = 4*s**2 - 40*s - 6. Let u(q) = 5*q**2 - 48*q - 8. Let d(o) = 4*l(o) - 3*u(o). What is d(16)?
0
Let u(w) = w**3 + 4*w**2 - 4. Let l(i) = i**2 + 4*i - 13 + 2*i + 3*i. Let g(h) = 3*h**2 + 82*h + 94. Let r be g(-26). Let j be l(r). Give u(j).
5
Let o(j) = 34*j - 38. Let u(z) = 51*z - 61. Let t(n) = -7*o(n) + 5*u(n). Give t(2).
-5
Let s(q) = -32*q. Let w(c) = -110*c + 35. Let k(n) = -4*s(n) + w(n). Calculate k(-6).
-73
Let f(x) be the third derivative of -x**5/15 + x**4/24 + x**3/3 - 4248*x**2. What is f(3)?
-31
Let l(h) = -2*h - 56. Suppose -63*w - 5*s = -62*w + 13, 4*s - 16 = 0. Determine l(w).
10
Let l(o) be the third derivative of 74*o**2 + 0*o + 0 + 1/8*o**4 + 2/3*o**3. Determine l(3).
13
Let v be 548/(-36) - (-10)/45. Let g(u) be the first derivative of -u**3/3 - 17*u**2/2 - 22*u + 2097. Determine g(v).
8
Let d(b) = 3 - 86*b + 32*b + 58*b. Calculate d(2).
11
Let n(x) = x**2 + 17*x + 3. Let q(b) = b**2 + 25*b + 5. Let s(g) = 8*n(g) - 5*q(g). Let o(j) = 10*j**2 + 34*j - 4. Let z(p) = -2*o(p) + 7*s(p). Calculate z(-9).
1
Let b(d) = -4 + 0*d - 13 - d. Suppose -5*s - 77 + 74 = 3*o, 0 = 4*s - 3*o - 3. Calculate b(s).
-17
Let x(o) = -4*o**3 + 11061*o - 11049*o + o**2 - 1 + 12*o**2. Give x(4).
-1
Let s(l) = -4*l - 5. Suppose 15 = -4*i + 3. Let a(f) be the third derivative of 5*f**4/24 + 2*f**3/3 + 101*f**2 + 2. Let h(u) = i*a(u) - 4*s(u). What is h(-8)?
0
Let s(n) = 2*n + 15. Suppose -52*x + 49*x = -3*q + 15, x + q = -9. Determine s(x).
1
Let j(y) be the second derivative of y**4/24 - 7*y**3/6 + 63*y**2/2 + 44*y - 1. Let k(l) be the first derivative of j(l). Calculate k(-7).
-14
Let s(p) be the second derivative of 3/2*p**3 + 0 + 1/120*p**5 + 3/8*p**4 + 0*p**2 + 9*p. Let y(a) be the second derivative of s(a). What is y(-4)?
5
Let w = -3 + 5. Suppose -2*v = -4*d + 64, 29*v - 34*v + 110 = 5*d. Let x(a) = -20 + 126*a - 127*a + d. What is x(w)?
-4
Let k(x) = 7*x**2 + x - 1. Let m be (-5)/(-30)*(28 - -2). Let l be 20/(-6)*(-3)/m. Give k(l).
29
Suppose 3*y - 18 = -3*u, -28 = -5*u + 3*y - 6. Let h(f) = 2*f - 6. Let c be h(4). Let m(a) = 2*a - 2*a + 7 - c*a. Give m(u).
-3
Let k = 910 + -909. Let m(o) = 2*o + 5. Let l(a) = -3*a + 23. Let z(f) = k*l(f) - 4*m(f). Calculate z(2).
-19
Suppose 10 = 3*o - 4*m, -7*o - 4*m = -2*o - 6. Let f(n) = -3*n. Let z be f(o). Let q(b) = -4*b**2 - 11 + 4*b + 3 - 9*b**2 + 14*b**2. Determine q(z).
4
Let h(z) be the third derivative of 6*z**2 - 6 + 0*z + 0*z**5 + 1/6*z**3 - 1/12*z**4 - 7/120*z**6. What is h(1)?
-8
Let r(t) = -7*t**2 + t. Let x(a) = 43*a**2 - 6*a - 7. Let m(f) = 6*r(f) + x(f). Calculate m(-5).
18
Let o(z) = z**2 - 17*z - 29. Suppose -3*l = -3*w - 314 + 377, 2*l + 14 = 0. Give o(w).
-71
Let g(d) = d**3 - 47*d**2 + 397*d - 16. Let b be g(11). Let c(o) = -o**3 - 8*o**2 - 13*o - 5. Calculate c(b).
-15
Let m(n) = -9*n + 148. Suppose -246*v = 25*v - 4336. What is m(v)?
4
Let x(a) = -3*a**2 - 6*a - 1. Let h(s) = 2*s**2 + 9*s + 13. Let u(o) = h(o) + x(o). Give u(11).
-76
Let l(q) = -109*q**2 + q. Suppose 3*w = 5*j - 14, 2*j + 2*w = 4*w + 8. Give l(j).
-108
Suppose 5*o - 3*o + 24 = 0. Let y(z) = 10*z + 2*z + z**3 + 1186173 - 1186176 + 13*z**2. Calculate y(o).
-3
Suppose -45 = -35*r + 18*r + 23. Let v(i) be the third derivative of -16*i**2 + 1/3*i**3 + 0*i + 0 - 7/24*i**r + 1/60*i**5. Determine v(4).
-10
Let p(z) = -7*z**2 + 2*z + 1. Let y be 3 - -2 - (26 + -10). Let o be (-8 - -2) + (-6 - y). Give p(o).
-8
Let s(m) = 11*m**2 - 1436*m + 737*m + 692*m + 6. Determine s(1).
10
Let r(b) = -700*b + 6295. Let y be r(9). Let h(j) = -j**3 - 4*j**2 + 2*j - 4. Determine h(y).
11
Suppose -53 - 139 = 4*d. Let g = -46 - d. Let j(m) = 17*m**2 + 3*m - 6*m**2 - 10*m**g. Calculate j(-7).
28
Let a(m) be the second derivative of 2/3*m**3 - 6 + 2*m - 5*m**2. What is a(5)?
10
Let v(u) be the second derivative of u**5/20 - u**4 + u**3/6 + 11*u**2/2 + 63*u - 10. What is v(12)?
23
Suppose -13*t - 2*k = -10*t + 5, -3*t + k - 11 = 0. Let u(y) = -7*y**2 + 5*y + 8. Let m(b) = -4*b**2 + 3*b + 4. Let z(h) = t*u(h) + 5*m(h). What is z(-3)?
5
Let j(b) be the first derivative of 29*b**2 + 24*b**2 - 146 + 28*b**2 - 111*b**2 + 25*b**2 - 6*b. What is j(-5)?
44
Let w(t) = -19*t + 19*t**2 - 13*t**2 + 15*t - 26*t + 40 - 63*t. Give w(15).
-5
Let q be (4 + (-44)/12)/(3/(-90)). Let r(h) = h**2 + 14*h + 21. Give r(q).
-19
Suppose 2*r - 94 + 90 = 0. Let f(o) = 731*o - 369*o + r - 363*o. Give f(0).
2
Suppose 521*w + 144 = 497*w. Let d(g) = -3*g**3 - 17*g**2 + 9*g + 21. Give d(w).
3
Let u(j) = 3*j - 15. Let w be 24/2*(12 - (-494)/(-39)). Let x be (-23 + 1)*(w - 105/(-14)). Determine u(x).
18
Let z(h) = h**2 - 13*h + 15. Let y be z(11). Let u(f) = 2 + 2 + 71*f + 62*f + 5 - 130*f. Determine u(y).
-12
Suppose 3*h - 1 = 4*k - 64, 4*k - 73 = 5*h. Let v(u) = 4*u**2 + u**3 - 11*u - 4*u + k*u. Give v(2).
18
Let y be (-4)/20 - (-142)/10. Suppose 0 = 6*m + 2 - y. Let k(q) = 1 - 7 + 8 + q**m + 7*q. Determine k(-6).
-4
Let r(v) = -13*v**3 - 36*v**2 - 42*v - 49. Let u(c) = 17*c**3 + 34*c**2 + 42*c + 54. Let s(q) = -4*r(q) - 3*u(q). What is s(-41)?
-7
Suppose 0 = 4*o - 4 + 16, 3*q - o - 45 = 0. Let c(y) be the second derivative of y**4/12 - 13*y**3/6 - 5*y**2 + 13*y - 5. Calculate c(q).
4
Let n = -6215 - -6229. Let m(x) = -4*x + 62. Calculate m(n).
6
Let a = -2496 - -2453. Let h(v) = v**3 + 44*v**2 + 41*v - 88. Determine h(a).
-2
Suppose -5*u - 8 + 83 = 0. Let p(o) = 0 + u*o**3 - 8*o**3 - 6*o**3 - 6*o**2 - 12. Give p(6).
-12
Let q(d) = -45*d**2 + 51*d + 93. Let s(c) = 28*c**2 - 34*c - 62. Let x(a) = 5*q(a) + 8*s(a). Determine x(-16).
-15
Let x(s) = 3*s - 5 - 2*s - 9. Let l(c) = -2*c**3 + 14*c**2 + 3*c - 14. Let i = 193 + -186. Let o be l(i). Give x(o).
-7
Let r(n) = n - 8. Suppose -4*l + 3 = -181. Suppose l = -8*a - 18. Give r(a).
-16
Let g(b) = -b**2 + b. Let t(c) = 5*c**2 - 9*c. Let s be -8 + 4 + 4/1. Let f be 1 + (-6 - (s + -4)). Let m(k) = f*t(k) - 4*g(k). Calculate m(4).
4
Let a(d) = 10*d**2 + 44*d - 1 + 72*d - 116*d. Determine a(2).
39
Let g(l) = l**3 + l**2 - 2*l + 3. Let i(h) = 17 - 18*h - 34 - h**2 - 2. Let c be i(-15). Let j = c - 29. Determine g(j).
-9
Let g(s) = -22*s - 25. Let o(h) = h**2 + 21*h + 23. Let t(k) = -3*g(k) - 2*o(k). Let l be t(13). Let r(c) = -c**3 + 5*c**2 - 4*c. Give r(l).
6
Let x(f) = -39*f**2 + 38*f**2 - 4 - 49407*f + 49398*f. What is x(-10)?
-14
Let n(f) = -f**2 + 0*f**2 + 37 - 27 - 4*f**2 + 15*f. Let y(d) = 9*d**2 - 29*d - 20. Let k(x) = -11*n(x) - 6*y(x). Determine k(-9).
10
Let u(v) be the second derivative of -v**4 - 1/2*v**2 + 0 - 1/2*v**3 - 37*v. Let k be u(-1). Let n(o) = -o**2 - 10*o + 9. Give n(k).
9
Let q(d) = -26*d - 1. Let v(w) = -75*w - 13. Let a(z) = 3*q(z) - v(z). Calculate a(5).
-5
Let f = 53 - 26. Let d(b) = -6*b + f*b - 3 + 0 - 15*b. Give d(-5).
-33
Let s(m) = 3*m**3 - 5*m**2 + 7*m - 112. Let v